t is the remainder when c(h) is divided by 5?
2
Let c be 25 + 0 + 4 + -5. Calculate the remainder when ((-93)/6)/((-4)/c) is divided by 24.
21
Let l be 4*(-1)/(-1)*(-3)/(-3). Suppose 2*w - 30 = -l*q, -2*q + 4*w - 2*w + 6 = 0. What is the remainder when 32 is divided by q?
2
Suppose -4*m - m = -85. Suppose -2*v + 57 = k, 11*v - 13*v - 138 = -2*k. What is the remainder when k is divided by m?
14
Suppose -27*q + 1312 = 14*q. Calculate the remainder when 169 is divided by q.
9
Suppose 2*f - 9 = 2*j + 5, -f + 3*j = -9. Let a be (-6)/((-3 - -4)/1). Let r(v) = -v**2 - 9*v + 4. What is the remainder when r(a) is divided by f?
4
Calculate the remainder when 69 is divided by (-2)/(-3) - 200/(-60).
1
Let w(x) = -5*x + 9. Let y(b) = b**3 + 7*b**2 - b - 6. What is the remainder when w(1) is divided by y(-7)?
0
Let x(k) = 57*k - 7. Let y be x(1). Let r = y - 40. What is the remainder when r is divided by 6?
4
Suppose 3*h - d = -140, -h - 4*d = 67 - 3. Let i = h - -145. Suppose -4*j - 25 = -5*v + 152, j + 3 = 0. Calculate the remainder when i is divided by v.
31
Let g(p) = p**3 + 7*p**2 - 16. Suppose 7*o - 8*o = -4*y + 1, -3*y = 3. Let x(d) = 4*d - 3. Calculate the remainder when g(o) is divided by x(3).
7
Let k(i) = 3*i**2 + 17*i + 6. Let q be k(-6). Let r(x) = 2*x**2 - 23*x + 21. What is the remainder when 95 is divided by r(q)?
29
Let p(w) = 0*w**3 + 4 - 2 + 2*w**3. Suppose -31*f = -0*f - 217. What is the remainder when p(2) is divided by f?
4
Let p(l) = 9*l**2 - 6*l - 20. What is the remainder when p(-4) is divided by 53?
42
Suppose 0 = -5*p - 15, -12*a = -13*a + 2*p + 94. Calculate the remainder when a is divided by 9.
7
Suppose 8*h = 3*h - 4*s + 6, -5*h - 2*s - 2 = 0. What is the remainder when 13 - (1 + -2) - (h - -1) is divided by 4?
3
Let n be -5 + 6 + 1 + 0. Let l(h) = 0*h**2 + 2*h + 11*h**3 + 2 - 12*h**3 - h**n. What is the remainder when l(0) is divided by 1?
0
Suppose -3*m = 4*g + g - 73, -m + 5*g = -31. What is the remainder when m is divided by 2 + (-2)/(-2) + 11?
12
What is the remainder when (-47)/15 + 3 - 3786/(-45) is divided by 30?
24
Suppose -652 = -161*j + 159*j. What is the remainder when j is divided by 15?
11
Let v = -11 - -34. Let y = -67 + 65. Calculate the remainder when 12/9*(-99)/y is divided by v.
20
Let j be 18/(1/(2/4)). Suppose 5*k + 2*a + 10 = 0, 7*a + 15 = 3*k + 4*a. Suppose j = 3*p - k. Calculate the remainder when 10 is divided by p.
1
Suppose 6*m = 2*m + 64. Suppose -8 = -9*o + 10. Suppose -4*v + 32 = 2*n, o*n = -3*n - 5*v + 65. What is the remainder when m is divided by n?
6
Let q be (-2)/(-15) + 4865/75. Let k = q - 42. Suppose -5*o + 6 = 2*n - 13, 3*n - o - 37 = 0. What is the remainder when k is divided by n?
11
Let f = -81 - -129. Let l = f + -38. Calculate the remainder when 38 is divided by l.
8
Suppose -c + 3 = 5. Let l(t) = 21*t**2 + t + 1. Let u(w) = -8*w - 27. Calculate the remainder when l(c) is divided by u(-6).
20
Let m(n) = -7*n + 66. What is the remainder when 189 is divided by m(6)?
21
Suppose 132 = 4*o + 2*r, 0*o + 2*o - r - 66 = 0. Let n = o - -19. Calculate the remainder when n is divided by ((-36)/5)/(144/(-540)).
25
Let p be (-45)/6*-1*2. Suppose -19*b + 56 = -p*b. Calculate the remainder when 208 is divided by b.
12
Suppose k = -2*w + 4 + 6, 5*w + 5*k - 15 = 0. Suppose -x + w = 5*s - 2, x - 3*s - 25 = 0. Calculate the remainder when (-2 - (-5)/3)*-105 is divided by x.
16
Let j = 62 + -56. What is the remainder when 2/j*((2 - 1) + 245) is divided by 21?
19
Suppose 8*s = 8 + 8. Suppose 2*k - 42 = -2*z, -s*k - 3*k = z - 21. Calculate the remainder when 82 is divided by z.
19
Let i(v) = v**3 - 5*v**2 - 7*v + 9. Let k be i(6). Suppose k*t - 29 = 2*t. What is the remainder when t is divided by -23 + 74 + -27 + -16?
5
Suppose 3*o = d - 2*d + 31, 0 = 4*o + 3*d - 48. Suppose o*f = -23 + 86. What is the remainder when 13 is divided by f?
6
Suppose 3*f = -f + 16. Suppose f*c = -c + 70. Calculate the remainder when 95 is divided by c.
11
Let b(z) = -8*z**3 - z + 4 - 4*z**3 - z**3 + 2*z**2. Let g be b(-3). Calculate the remainder when (-1)/(-5) - g/(-20) is divided by 5.
4
Calculate the remainder when 113 is divided by -4 - (-7 + -4)*3.
26
Let p = -16 + 13. Let c be 1 - -1*p/(-3). Let j(s) = 8*s**2 - 3*s + 2. What is the remainder when j(c) is divided by 10?
8
Let n be 5/(-15)*1*-93. Suppose m - n = 10. Calculate the remainder when m is divided by 15.
11
Suppose 0 = -3*k - 0*k. Suppose k*w + 4 = 2*v + 4*w, -2*w = 0. Suppose -2*p + 4 = -5*l + 5, 0 = -p - v*l + 4. What is the remainder when p is divided by 2?
0
Let k(o) = o**2 + o - 1. Let b(l) = 8*l**2 + 29*l. Let t(x) = b(x) - 6*k(x). Calculate the remainder when 70 is divided by t(-12).
16
Let k = -5 + 7. Let b = 0 + k. Suppose -2*x - b*x = -84. Calculate the remainder when 61 is divided by x.
19
Suppose 2*c - 129 = -3*t + 53, 238 = 4*t - 2*c. Calculate the remainder when t is divided by 13.
8
Suppose x = 2*y - 90, 2*y + 4*x - 73 = 17. Suppose 0*m + 2*m - 5*h - y = 0, -3*m + 102 = 4*h. Calculate the remainder when 88 is divided by m.
28
Let q = 55 + -44. What is the remainder when 20 is divided by 5/(-5)*q/(-1)?
9
Let u(v) = 3*v - 3. Suppose -644 = -10*n - 124. Calculate the remainder when n is divided by u(4).
7
Let l be 1/(1/3)*1. Suppose 2*o - l*w = -25, -2*o + 4*o + 24 = 2*w. Calculate the remainder when 29 is divided by 20 + o + (-1)/1.
5
Suppose -17*d = -11*d - 102. Suppose -5*a = 4*c - d, -3*a + 2*a - 27 = -3*c. What is the remainder when 55 is divided by c?
7
Suppose -4*k = -3*k - 71. Calculate the remainder when k is divided by 37.
34
Suppose -d - 54 = -5*n, -2*d - 64 - 32 = -4*n. Let f = 57 + d. What is the remainder when 51 is divided by f?
12
Suppose -4*x - 3*d = -138, -2*d - 22 = -26. Calculate the remainder when x is divided by 14.
5
Let b(t) = -t**3 - 7*t**2 - 5*t - 2. Suppose -18 = 2*l + l. Let g be b(l). What is the remainder when (-846)/g - 3/4 is divided by 27?
24
Suppose f = 8*f - 70. Suppose -3*y - 2*y = 2*v - f, 0 = -v - 5*y + 5. Suppose v*s - 85 = -0*s. What is the remainder when 32 is divided by s?
15
Let k(d) = -d**3 - 11*d**2 + 8*d + 15. Let s be k(-12). Let w = -33 + s. Calculate the remainder when 179 is divided by w.
29
Calculate the remainder when -1 + (-170)/(-1) + (9 - 5) is divided by 11.
8
Let n = -5 + 27. Let q = 113 + -53. Calculate the remainder when q is divided by n.
16
Suppose -b - 4*w = -2*b + 16, 0 = 4*b - w - 64. Suppose 4*a - 2*j = a + 37, 0 = 5*j + 25. What is the remainder when b is divided by a?
7
Let x be 9*1 + (6 - 8). Let z(k) = 2*k - x - 18 + 3. Calculate the remainder when 53 is divided by z(18).
11
Let a(k) = k**3 - k**2 + 2*k + 8. Let q be a(0). Suppose 5*n + q = -177. Let i = n + 49. Calculate the remainder when i is divided by 4.
0
Suppose -b = 16*b - 612. What is the remainder when b is divided by 30?
6
Suppose c = 3*c - 4. Calculate the remainder when -4 - (-14 - -3) - 6/2 is divided by c.
0
Suppose 5*z = -4*q + 25, 2*q = 6*q. What is the remainder when 48 is divided by z?
3
Let i(b) = 2*b - 5. Let w be i(6). Suppose t = w + 5. Calculate the remainder when 20/((-36)/21 + 2) is divided by t.
10
What is the remainder when (-620)/80*5/(5/(-8)) is divided by 39?
23
Let r = -878 + 888. Calculate the remainder when 277 is divided by r.
7
Suppose 6*o - 59 = -5. Let y be 1 - 0 - (1 + -4). Suppose 2*t - s = 61, y*s + 0*s + 46 = 2*t. What is the remainder when t is divided by o?
6
Let i(p) = 2*p**3 - 15*p**2 + 7*p - 3. Let q be i(7). What is the remainder when -3 - 0 - (q - 24) is divided by 13?
11
Let m(f) = f**2 + 11*f - 17. Let h be m(-12). Calculate the remainder when 49 is divided by 26 - (3 + 1 + h).
22
Let l(a) = 102*a**2 - 2*a + 3. Let m be l(2). Let d = m - 269. What is the remainder when d is divided by 14?
12
Suppose -2*s - s + 60 = 0. Suppose -3*n + 47 = 29. Calculate the remainder when s is divided by n.
2
Suppose 12 = 2*u + 2. Suppose -6*l = -u*l - 19. Let y = 54 - l. What is the remainder when y is divided by 18?
17
Let d = -19 + 35. What is the remainder when 238 is divided by d?
14
Let d = -113 + 307. What is the remainder when d is divided by 5?
4
Suppose -2*j = -5*w - 37, 2*j - 6*j - 5*w + 59 = 0. Suppose -j - 54 = -7*n. Calculate the remainder when 33 is divided by n.
3
Let j = -405 + 57